 base 9
-10
-10122 (base 3) to base 7
-200
-3 (base 7) to base 8
-3
-13 (base 7) to base 11
-a
Convert 40 (base 12) to base 6.
120
28 (base 9) to base 15
1b
Convert -180 (base 10) to base 16.
-b4
What is -5 (base 13) in base 10?
-5
-7 (base 9) to base 8
-7
What is -22 (base 8) in base 13?
-15
33 (base 11) to base 14
28
What is 83 (base 12) in base 14?
71
What is 120 (base 4) in base 5?
44
Convert 14 (base 6) to base 3.
101
Convert -8 (base 13) to base 15.
-8
What is 12 (base 13) in base 2?
1111
What is -4 (base 14) in base 9?
-4
10001100 (base 2) to base 12
b8
What is -2 (base 10) in base 5?
-2
235 (base 7) to base 13
97
-19 (base 16) to base 4
-121
Convert -302 (base 4) to base 14.
-38
What is 2 (base 15) in base 7?
2
Convert -100 (base 2) to base 6.
-4
Convert -3 (base 6) to base 3.
-10
What is -26 (base 12) in base 13?
-24
What is -2 (base 13) in base 12?
-2
-101 (base 2) to base 16
-5
Convert -30 (base 14) to base 12.
-36
Convert 0 (base 12) to base 11.
0
1 (base 8) to base 13
1
355 (base 6) to base 15
98
What is -2 (base 4) in base 16?
-2
What is -122 (base 6) in base 2?
-110010
What is -111 (base 5) in base 15?
-21
-12 (base 3) to base 9
-5
Convert 2 (base 9) to base 13.
2
7 (base 16) to base 15
7
What is -1221 (base 3) in base 13?
-40
-5 (base 10) to base 5
-10
Convert 122 (base 9) to base 3.
10202
Convert -71 (base 13) to base 14.
-68
What is 121 (base 12) in base 9?
207
What is 33 (base 14) in base 5?
140
Convert 115 (base 11) to base 4.
2021
What is a8 (base 12) in base 6?
332
What is -10 (base 2) in base 10?
-2
Convert -166 (base 10) to base 3.
-20011
-210 (base 3) to base 7
-30
4 (base 6) to base 9
4
-12 (base 9) to base 4
-23
-2 (base 8) to base 3
-2
What is 1 (base 14) in base 15?
1
Convert 431 (base 8) to base 2.
100011001
4 (base 12) to base 4
10
What is 21 (base 14) in base 5?
104
-2 (base 15) to base 12
-2
What is 5 (base 7) in base 13?
5
-12202 (base 3) to base 6
-415
7 (base 15) to base 3
21
26 (base 10) to base 15
1b
Convert -1120 (base 4) to base 5.
-323
What is -c0 (base 13) in base 6?
-420
Convert 21 (base 4) to base 15.
9
-20 (base 15) to base 12
-26
What is 3 (base 13) in base 3?
10
Convert -2 (base 9) to base 7.
-2
-1 (base 9) to base 3
-1
What is 0 (base 16) in base 5?
0
8 (base 10) to base 15
8
211 (base 9) to base 13
103
What is 10 (base 15) in base 7?
21
Convert -1022 (base 3) to base 5.
-120
What is 122 (base 7) in base 8?
101
7 (base 15) to base 3
21
Convert -1 (base 7) to base 5.
-1
12 (base 6) to base 15
8
What is -124 (base 5) in base 3?
-1110
-18 (base 15) to base 13
-1a
Convert -115 (base 7) to base 5.
-221
62 (base 9) to base 10
56
-120 (base 7) to base 10
-63
Convert -112 (base 9) to base 4.
-1130
233 (base 4) to base 12
3b
What is -26 (base 11) in base 3?
-1001
Convert 3 (base 14) to base 13.
3
What is 28 (base 10) in base 16?
1c
Convert -99 (base 10) to base 14.
-71
What is 24 (base 13) in base 2?
11110
What is 20 (base 5) in base 9?
11
What is -51 (base 12) in base 13?
-49
-2 (base 9) to base 11
-2
-41 (base 9) to base 13
-2b
67 (base 8) to base 13
43
Convert 1 (base 12) to base 7.
1
What is 1 (base 8) in base 11?
1
Convert -1331 (base 4) to base 5.
-1000
What is -4 (base 11) in base 5?
-4
Convert 2 (base 12) to base 13.
2
Convert 1d (base 15) to base 6.
44
-102 (base 3) to base 10
-11
33 (base 5) to base 8
22
Convert -2 (base 6) to base 10.
-2
-12 (base 10) to base 6
-20
What is 11 (base 8) in base 2?
1001
-21a (base 11) to base 5
-2023
What is 74 (base 11) in base 2?
1010001
What is -4 (base 15) in base 14?
-4
Convert c4 (base 15) to base 13.
112
Convert -11 (base 9) to base 4.
-22
-21 (base 7) to base 5
-30
Convert -5a (base 14) to base 11.
-73
-3 (base 16) to base 12
-3
-10 (base 7) to base 8
-7
Convert -12 (base 5) to base 9.
-7
What is 3 (base 4) in base 9?
3
112 (base 3) to base 15
e
131 (base 13) to base 12
155
Convert -1a (base 13) to base 6.
-35
Convert 5 (base 11) to base 6.
5
-2 (base 6) to base 10
-2
Convert -b7 (base 13) to base 10.
-150
Convert -4 (base 9) to base 13.
-4
What is 0 (base 5) in base 8?
0
What is -6 (base 14) in base 7?
-6
Convert 28 (base 10) to base 14.
20
What is -1110 (base 3) in base 4?
-213
What is -14 (base 8) in base 3?
-110
12 (base 16) to base 4
102
What is -4 (base 11) in base 13?
-4
Convert -3f (base 16) to base 5.
-223
-12 (base 4) to base 11
-6
Convert -2 (base 14) to base 2.
-10
320 (base 9) to base 2
100000101
Convert -81 (base 12) to base 2.
-1100001
-245 (base 8) to base 13
-c9
Convert -1 (base 9) to base 10.
-1
-3 (base 14) to base 3
-10
What is -2c (base 16) in base 12?
-38
Convert 1 (base 3) to base 14.
1
Convert -188 (base 10) to base 14.
-d6
Convert 171 (base 13) to base 3.
100200
-1 (base 11) to base 10
-1
What is 4 (base 15) in base 8?
4
-1131 (base 5) to base 3
-20011
Convert 1313 (base 4) to base 14.
87
-143 (base 9) to base 5
-440
Convert -1 (base 2) to base 10.
-1
What is 12 (base 7) in base 3?
100
Convert -5 (base 9) to base 15.
-5
-1 (base 12) to base 15
-1
35 (base 14) to base 4
233
What is 1 (base 10) in base 5?
1
What is 7 (base 9) in base 5?
12
What is 4 (base 15) in base 11?
4
Convert -7 (base 16) to base 13.
-7
Convert -4 (base 10) to base 9.
-4
22 (base 10) to base 4
112
2 (base 3) to base 6
2
What is -113 (base 4) in base 8?
-27
Convert -4 (base 6) to base 12.
-4
2f (base 16) to base 2
101111
What is -10 (base 11) in base 2?
-1011
What is -30 (base 8) in base 6?
-40
12 (base 5) to base 13
7
Convert 2 (base 5) to base 8.
2
What is 162 (base 9) in base 11?
115
-5 (base 8) to base 2
-101
1 (base 12) to base 11
1
What is -98 (base 14) in base 5?
-1014
What is a (base 15) in base 6?
14
303 (base 4) to base 15
36
Convert -6 (base 12) to base 7.
-6
1 (base 16) to base 14
1
What is -10 (base 15) in base 11?
-14
Convert -5 (base 9) to base 8.
-5
Convert -1101 (base 2) to base 13.
-10
Convert -104 (base 10) to base 14.
-76
-3 (base 14) to base 2
-11
Convert 5 (base 12) to base 2.
101
Convert 313 (base 6) to base 2.
1110101
5 (base 7) to base 12
5
1b (base 12) to base 13
1a
Convert 20 (base 10) to base 9.
22
2 (base 3) to base 16
2
-213 (base 5) to base 8
-72
-1 (base 5) to base 7
-1
-1 (base 11) to base 14
-1
What is -1 (base 12) in base 15?
-1
What is -9 (base 13) in base 12?
-9
-2 (base 16) to base 3
-2
Convert 30 (base 9) to base 10.
27
What is 3 (base 6) in base 7?
3
7 (base 8) to base 6
11
-5 (base 8) to base 14
-5
10 (base 3) to base 16
3
What is 0 (base 9) in base 10?
0
Convert -21 (base 11) to base 2.
-10111
Convert -13 (base 6) to base 13.
-9
Convert -1e (base 16) to base 6.
-50
What is 3 (base 8) in base 6?
3
Convert -4 (base 15) to base 6.
-4
-56 (base 11) to base 4
-331
Convert -10 (base 2) to base 9.
-2
Convert -4 (base 5) to base 10.
-4
What is 19 (base 10) in base 6?
31
What is -3 (base 13) in base 14?
-3
158 (base 9) to base 13
a4
What is -56 (base 16) in base 10?
-86
Convert 9 (base 11) to base 12.
9
What is 138 (base 10) in base 13?
a8
0 (base 16) to base 10
0
What is 35 (base 12) in base 11?
38
44 (base 6) to base 8
34
What is -134 (base 5) in base 7?
-62
What is -330 (base 8) in base 5?
-1331
-3 (base 12) to base 15
-3
What is -25 (base 6) in base 13?
-14
Convert 2 (base 15) to base 14.
2
-10101 (base 2) to base 7
-30
What is 2 (base 12) in base 9?
2
Convert 189 (base 10) to base 15.
c9
Convert 2f (base 16) to base 14.
35
-e (base 16) to base 10
-14
-3 (base 13) to base 3
-10
104 (base 9) to base 2
1010101
What is 2 (base 6) in base 13?
2
-21 (base 3) to base 13
-7
-7d (base 16) to base 13
-98
Convert -33 (base 6) to base 5.
-41
1 (base 16) to base 9
1
27 (base 8) to base 14
19
Convert -17a (base 13) to base 8.
-416
-10 (base 5) to base 8
-5
What is 28 (base 14) in base 5?
121
-5 (base 14) to base 13
-5
What is 211 (base 10) in base 8?
323
3 (base 4) to base 6
3
Convert 36 (base 7) to base 3.
1000
-37 (base 12) to base 10
-43
Convert -147 (base 14) to base 3.
-100121
2 (base 5) to base 14
2
What is -7 (base 16) in base 12?
-7
What is 1 (base 4) in base 6?
1
Convert -22 (base 15) to base 6.
-52
Convert 20020 (base 3) to base 4.
2220
Convert -51 (base 8) to base 2.
-101001
What is -16 (base 9) in base 11?
-14
What is 131 (base 5) in base 12?
35
-1002 (base 3) to base 16
-1d
Convert 6 (base 16) to base 3.
20
Convert -3 (ba